5, 10957
List the prime factors of 135020768.
2, 367, 11497
What are the prime factors of 37711150?
2, 5, 754223
List the prime factors of 28041296.
2, 17, 103093
List the prime factors of 679416043.
41, 16571123
What are the prime factors of 320643211?
7, 6543739
List the prime factors of 1717311102.
2, 3, 13, 22016809
List the prime factors of 156343256.
2, 19542907
List the prime factors of 323770185.
3, 5, 17, 423229
What are the prime factors of 74511744?
2, 3, 61, 3181
What are the prime factors of 128224930?
2, 5, 47, 149, 1831
What are the prime factors of 3160165479?
3, 17, 191, 324419
What are the prime factors of 6680747380?
2, 5, 17, 31, 37, 463
List the prime factors of 71426993.
11, 59, 157, 701
What are the prime factors of 249240762?
2, 3, 89, 155581
List the prime factors of 477810647.
1901, 251347
List the prime factors of 136614269.
11, 12419479
What are the prime factors of 51552620?
2, 5, 7, 368233
What are the prime factors of 544465612?
2, 136116403
List the prime factors of 15813101.
15813101
What are the prime factors of 2177245870?
2, 5, 217724587
What are the prime factors of 2269359579?
3, 1231, 614503
What are the prime factors of 769030279?
197, 1033, 3779
What are the prime factors of 407414543?
71, 103, 55711
List the prime factors of 235688917.
235688917
List the prime factors of 31021191.
3, 1148933
List the prime factors of 255228591.
3, 3407, 24971
List the prime factors of 1493979319.
7, 213425617
What are the prime factors of 335100978?
2, 3, 43, 563, 769
List the prime factors of 314611377.
3, 104870459
What are the prime factors of 676455178?
2, 7, 59, 103, 7951
List the prime factors of 81283919.
17, 19, 251653
List the prime factors of 281877162.
2, 3, 7, 107, 62723
List the prime factors of 1173044829.
3, 11, 17, 2090989
List the prime factors of 115265052.
2, 3, 7, 23, 947
What are the prime factors of 229459703?
11, 1657, 12589
What are the prime factors of 49980626?
2, 251, 99563
List the prime factors of 1285564307.
41, 457, 68611
What are the prime factors of 2083136842?
2, 647, 1609843
List the prime factors of 265663831.
31, 8569801
What are the prime factors of 14309677?
1747, 8191
List the prime factors of 12172485.
3, 5, 13, 62423
What are the prime factors of 73026985?
5, 17, 67, 12823
List the prime factors of 1469682869.
1469682869
List the prime factors of 515160327.
3, 11, 15610919
What are the prime factors of 31164555?
3, 5, 2077637
What are the prime factors of 1359080952?
2, 3, 47, 1204859
What are the prime factors of 193818041?
1151, 168391
What are the prime factors of 683356715?
5, 31, 79, 55807
List the prime factors of 254076479.
59, 4306381
What are the prime factors of 79101784?
2, 23, 429901
What are the prime factors of 739988143?
739988143
List the prime factors of 3237872541.
3, 23, 41, 1144529
List the prime factors of 1077852782.
2, 538926391
What are the prime factors of 879555845?
5, 7, 25130167
List the prime factors of 9541510.
2, 5, 11, 127, 683
List the prime factors of 2625194978.
2, 7, 17, 43, 256517
What are the prime factors of 689040?
2, 3, 5, 11, 29
List the prime factors of 15130133.
15130133
What are the prime factors of 2030050954?
2, 17, 37, 1613713
List the prime factors of 256211756.
2, 64052939
List the prime factors of 743036893.
727, 1022059
List the prime factors of 693307259.
227, 3054217
What are the prime factors of 89009945?
5, 109, 163321
List the prime factors of 69602587.
37, 1881151
List the prime factors of 799646916.
2, 3, 563, 118361
What are the prime factors of 626129832?
2, 3, 26088743
List the prime factors of 36894788.
2, 7, 1317671
What are the prime factors of 113373063?
3, 12597007
List the prime factors of 132544219.
101, 1312319
List the prime factors of 2454777209.
4129, 594521
List the prime factors of 21765389.
17, 1280317
List the prime factors of 2436708.
2, 3, 251, 809
What are the prime factors of 43714869?
3, 11, 613, 2161
List the prime factors of 1561036956.
2, 3, 23, 37, 71, 2153
List the prime factors of 2122364468.
2, 7, 23, 3295597
What are the prime factors of 2219798964?
2, 3, 127, 1456561
List the prime factors of 938577557.
37, 157, 161573
List the prime factors of 35735938.
2, 7, 17, 150151
List the prime factors of 57335433.
3, 59, 227, 1427
List the prime factors of 4093596902.
2, 23, 88991237
List the prime factors of 613165725.
3, 5, 2725181
List the prime factors of 259332603.
3, 17, 127, 40039
What are the prime factors of 63565086?
2, 3, 13, 814937
What are the prime factors of 1236995211?
3, 37, 2777, 4013
List the prime factors of 6090230422.
2, 73, 41713907
What are the prime factors of 829545912?
2, 3, 13, 853, 1039
List the prime factors of 503459792.
2, 11, 2860567
List the prime factors of 831351866.
2, 2063, 201491
List the prime factors of 88163874.
2, 3, 4897993
What are the prime factors of 663683020?
2, 5, 7, 11, 13, 33151
List the prime factors of 7611211.
7611211
List the prime factors of 295049989.
13, 103, 220351
What are the prime factors of 677169913?
7, 96738559
What are the prime factors of 2315576752?
2, 6661, 21727
List the prime factors of 443321526.
2, 3, 61, 1211261
What are the prime factors of 128550022?
2, 17, 109, 34687
What are the prime factors of 2566773355?
5, 513354671
What are the prime factors of 2196600563?
29, 75744847
What are the prime factors of 23564451?
3, 7854817
What are the prime factors of 17321059?
7, 151, 2341
What are the prime factors of 118599447?
3, 67, 83, 7109
List the prime factors of 109824271.
409, 268519
What are the prime factors of 72209180?
2, 5, 103, 35053
What are the prime factors of 185026954?
2, 7, 607, 21773
List the prime factors of 30490492.
2, 59, 129197
What are the prime factors of 668094798?
2, 3, 7, 17, 935707
List the prime factors of 3840925082.
2, 37, 1777, 29209
List the prime factors of 12277613.
2357, 5209
What are the prime factors of 2074988033?
23, 90216871
What are the prime factors of 1173930711?
3, 391310237
What are the prime factors of 98255156?
2, 19, 1292831
List the prime factors of 227566196.
2, 11, 13, 461, 863
List the prime factors of 63245656.
2, 7905707
What are the prime factors of 1271543941?
1271543941
List the prime factors of 2732211334.
2, 757, 1804631
List the prime factors of 4444787103.
3, 173, 683, 12539
List the prime factors of 270259239.
3, 90086413
List the prime factors of 5390431043.
17, 19, 3529, 4729
What are the prime factors of 375039885?
3, 5, 11, 593, 3833
List the prime factors of 783118932.
2, 3, 307, 212573
List the prime factors of 60956591.
1487, 40993
What are the prime factors of 2471978672?
2, 6217, 24851
What are the prime factors of 25335411?
3, 8445137
What are the prime factors of 58064700?
2, 3, 5, 193549
What are the prime factors of 3677364774?
2, 3, 204298043
List the prime factors of 245276142.
2, 3, 29, 1409633
List the prime factors of 943939207.
943939207
List the prime factors of 3189345317.
31, 47, 2188981
What are the prime factors of 1493476709?
5903, 253003
What are the prime factors of 72800850?
2, 3, 5, 233, 2083
What are the prime factors of 44893804?
2, 17, 61, 79, 137
What are the prime factors of 411718231?
411718231
List the prime factors of 63446253.
3, 13, 67, 24281
What are the prime factors of 201960632?
2, 73, 345823
What are the prime factors of 217986759?
3, 1033, 23447
What are the prime factors of 1053926360?
2, 5, 79, 197, 1693
What are the prime factors of 32657282?
2, 7, 2332663
What are the prime factors of 247463040?
2, 3, 5, 11, 11717
What are the prime factors of 694663621?
103, 6744307
List the prime factors of 5002750115.
5, 11, 90959093
What are the prime factors of 2214335859?
3, 31, 71, 491, 683
What are the prime factors of 292230632?
2, 331, 110359
List the prime factors of 3334278268.
2, 647, 1288361
What are the prime factors of 4145216?
2, 239, 271
What are the prime factors of 188192726?
2, 94096363
List the prime factors of 59331433.
7, 19, 53, 443
What are the prime factors of 693078082?
2, 353, 981697
List the prime factors of 9769734.
2, 3, 13, 4639
List the prime factors of 5402997.
3, 97, 2063
List the prime factors of 35901068.
2, 7, 23, 107, 521
List the prime factors of 29183295.
3, 5, 1945553
What are the prime